the highest common divisor of 8832 and 64.
64
Calculate the greatest common factor of 1840 and 16.
16
Calculate the greatest common factor of 50 and 13925.
25
What is the greatest common factor of 858 and 234?
78
Calculate the greatest common divisor of 735 and 60.
15
Calculate the highest common factor of 5675 and 25.
25
What is the highest common divisor of 1474 and 66?
22
Calculate the highest common divisor of 51 and 255.
51
Calculate the greatest common factor of 10563 and 35.
7
What is the highest common divisor of 564 and 470?
94
Calculate the highest common factor of 50 and 1450.
50
Calculate the greatest common divisor of 465 and 24831.
93
Calculate the greatest common divisor of 77 and 1573.
11
Calculate the greatest common divisor of 400 and 1648.
16
Calculate the greatest common divisor of 8326 and 69.
23
Calculate the highest common factor of 3280 and 800.
80
Calculate the greatest common divisor of 49 and 1323.
49
What is the highest common factor of 147 and 15?
3
Calculate the greatest common divisor of 65 and 5889.
13
Calculate the highest common factor of 3297 and 7.
7
What is the highest common factor of 144 and 80?
16
What is the greatest common divisor of 3888 and 32?
16
Calculate the highest common factor of 11 and 4367.
11
Calculate the greatest common divisor of 994 and 91.
7
Calculate the highest common divisor of 183 and 1891.
61
What is the highest common factor of 13 and 65?
13
What is the greatest common factor of 176 and 55?
11
What is the greatest common factor of 6 and 21?
3
Calculate the highest common factor of 10 and 470.
10
What is the highest common factor of 4807 and 115?
23
What is the highest common factor of 5562 and 18?
18
What is the greatest common factor of 2148 and 144?
12
Calculate the greatest common divisor of 1278 and 2272.
142
Calculate the greatest common factor of 26 and 325.
13
Calculate the greatest common divisor of 29 and 1.
1
What is the highest common divisor of 243 and 45?
9
Calculate the highest common factor of 544 and 5.
1
Calculate the highest common divisor of 816 and 255.
51
What is the greatest common factor of 33 and 1881?
33
What is the highest common factor of 132 and 24?
12
What is the greatest common factor of 20 and 43670?
10
What is the greatest common divisor of 24 and 152?
8
What is the highest common divisor of 861 and 82?
41
What is the greatest common factor of 441 and 243?
9
What is the greatest common factor of 192 and 3?
3
What is the greatest common divisor of 370 and 222?
74
Calculate the highest common factor of 32 and 16.
16
Calculate the greatest common factor of 286 and 4706.
26
What is the highest common factor of 179 and 9308?
179
What is the greatest common divisor of 190 and 20710?
190
Calculate the highest common factor of 386 and 4053.
193
Calculate the highest common factor of 4348 and 4.
4
Calculate the highest common divisor of 2002 and 21.
7
Calculate the highest common divisor of 19185 and 15.
15
What is the greatest common divisor of 728 and 56?
56
What is the greatest common divisor of 1446 and 258?
6
What is the highest common factor of 118 and 5605?
59
What is the greatest common factor of 80 and 2528?
16
Calculate the highest common divisor of 4687 and 86.
43
What is the greatest common factor of 15 and 75?
15
What is the highest common factor of 76 and 8588?
76
What is the highest common divisor of 54 and 326?
2
What is the greatest common factor of 552 and 32?
8
What is the highest common divisor of 90 and 5220?
90
Calculate the highest common divisor of 588 and 189.
21
What is the greatest common factor of 732 and 4?
4
Calculate the highest common factor of 41 and 6847.
41
Calculate the greatest common factor of 68 and 17.
17
Calculate the highest common factor of 480 and 30.
30
Calculate the greatest common divisor of 36 and 270.
18
What is the highest common factor of 110 and 330?
110
Calculate the highest common factor of 14 and 784.
14
Calculate the greatest common divisor of 135 and 10.
5
Calculate the highest common divisor of 1485 and 66.
33
Calculate the highest common divisor of 3750 and 30.
30
What is the highest common divisor of 14115 and 15?
15
What is the greatest common factor of 39 and 15470?
13
Calculate the greatest common factor of 6 and 75.
3
What is the greatest common divisor of 67 and 7?
1
Calculate the greatest common divisor of 686 and 1862.
98
Calculate the highest common divisor of 77 and 352.
11
Calculate the greatest common divisor of 2291 and 158.
79
Calculate the highest common factor of 64 and 352.
32
What is the greatest common factor of 228 and 627?
57
What is the greatest common factor of 25 and 25?
25
Calculate the greatest common divisor of 72 and 24696.
72
What is the greatest common factor of 20332 and 92?
92
Calculate the highest common divisor of 18 and 50.
2
Calculate the greatest common factor of 21 and 175.
7
What is the greatest common factor of 1377 and 51?
51
What is the greatest common divisor of 55 and 220?
55
Calculate the greatest common divisor of 169 and 143.
13
Calculate the highest common divisor of 2646 and 98.
98
What is the greatest common divisor of 182 and 52?
26
Calculate the highest common factor of 2310 and 15.
15
What is the highest common factor of 5 and 4705?
5
What is the greatest common divisor of 824 and 103?
103
Calculate the greatest common factor of 1162 and 14.
14
What is the greatest common divisor of 3349 and 2364?
197
Calculate the highest common factor of 208 and 26.
26
What is the greatest common divisor of 623 and 1513?
89
What is the highest common divisor of 226 and 113?
113
What is the highest common divisor of 22 and 418?
22
What is the greatest common divisor of 1 and 89?
1
Calculate the greatest common factor of 77 and 55.
11
What is the highest common factor of 217 and 91?
7
What is the highest common factor of 1332 and 900?
36
Calculate the greatest common divisor of 18024 and 32.
8
Calculate the greatest common factor of 1032 and 60.
12
Calculate the highest common factor of 3240 and 40.
40
What is the greatest common divisor of 3768 and 408?
24
What is the highest common divisor of 19 and 380?
19
Calculate the highest common divisor of 546 and 858.
78
Calculate the highest common divisor of 22 and 20834.
22
What is the highest common divisor of 15 and 70?
5
What is the greatest common factor of 382 and 16999?
191
What is the highest common divisor of 16 and 6?
2
What is the highest common divisor of 50 and 725?
25
What is the highest common divisor of 32 and 4064?
32
What is the greatest common factor of 264 and 1826?
22
Calculate the greatest common divisor of 588 and 420.
84
Calculate the highest common divisor of 1507 and 1918.
137
Calculate the greatest common factor of 3660 and 15.
15
What is the greatest common divisor of 925 and 111?
37
Calculate the greatest common factor of 400 and 8350.
50
Calculate the highest common factor of 40 and 10.
10
What is the greatest common factor of 6 and 24?
6
What is the greatest common divisor of 345 and 161?
23
Calculate the highest common factor of 1960 and 2205.
245
What is the greatest common divisor of 1 and 127?
1
Calculate the greatest common divisor of 46 and 598.
46
What is the highest common divisor of 940 and 20?
20
What is the highest common divisor of 2214 and 1148?
82
What is the greatest common divisor of 1606 and 11?
11
Calculate the greatest common divisor of 76 and 285.
19
Calculate the greatest common divisor of 320 and 400.
80
What is the greatest common divisor of 61 and 1?
1
Calculate the highest common divisor of 5777 and 109.
109
What is the greatest common divisor of 10 and 515?
5
What is the greatest common factor of 13 and 923?
13
What is the greatest common factor of 66 and 18?
6
What is the greatest common factor of 168 and 560?
56
Calculate the highest common divisor of 80 and 1740.
20
Calculate the greatest common divisor of 154 and 198.
22
Calculate the highest common divisor of 1969 and 33.
11
Calculate the highest common factor of 50 and 1850.
50
What is the greatest common divisor of 65990 and 10?
10
Calculate the greatest common divisor of 75 and 600.
75
Calculate the highest common divisor of 88 and 308.
44
What is the highest common divisor of 646 and 950?
38
Calculat